nd i?
28
Suppose 5*i = 5*l + 10, i - 4*l + 2 = 4. Suppose 2*a = -i*a + 32. What is the greatest common divisor of 40 and a?
8
Let n be (-114)/(-4)*4/6. Let g be 1029/6 - (1 + 3/(-6)). Calculate the highest common divisor of g and n.
19
Let q = -7 - -12. Suppose -4*c + q*c - 2 = 0. Suppose 3*w + 3*i = 6, 5*w = 5*i - 4*i + 22. Calculate the greatest common factor of c and w.
2
Let f(i) = -i**2 - 7*i - 6. Let p be f(-5). Let w(s) = 4*s - 4. Let y be w(p). What is the greatest common divisor of y and 60?
12
Suppose -2*b - b + 129 = 0. Let y = b - 29. Let n = 19 + 16. What is the greatest common divisor of n and y?
7
Suppose 9 = 3*f - 0*f. Suppose -6 = j + 3*o, -f*j - o + 7 = 3*o. Let r be 2 - 2 - (0 + -1). Calculate the highest common divisor of r and j.
1
Suppose -c + 3*b - 3 = 0, 2*b = c + 3 - 1. Suppose c*x - 4*x = -48. What is the greatest common factor of 36 and x?
12
Let j be (-38)/4*(-42)/7. Calculate the highest common factor of 38 and j.
19
Let w(h) = -h**2 + 14*h + 15. Let i be w(7). What is the greatest common factor of 8 and i?
8
Suppose -2*n - 3*h - 39 = n, 3*n + 2*h = -39. Let z = n + 26. Let k = z + 0. Calculate the greatest common divisor of 13 and k.
13
Let s = -8 + 4. Let t(b) = -2*b + 3. Let c be t(s). Suppose 5*a + v - 603 = 0, -v - 6 = 2*v. What is the highest common factor of a and c?
11
Let m be (-1 + 60)*(-5 + 6). Calculate the greatest common factor of 59 and m.
59
Suppose g - 14*g + 572 = 0. Calculate the highest common divisor of 33 and g.
11
Let r = 128 - -17. Calculate the highest common divisor of r and 29.
29
Suppose 5*i - 89 - 1 = 0. Suppose -2*k - i = 2*h - 58, 2*h = 10. Let y be -1*(0 - -1)*-10. Calculate the greatest common factor of k and y.
5
Let j be (7 + -21)/((-1)/2). Calculate the highest common factor of j and 14.
14
Let j be ((0/(-4))/(-3))/2. Suppose j = 5*h + 2*i - 60 - 14, -5*h + 71 = 3*i. What is the greatest common divisor of 80 and h?
16
Let x be (135/20 - 3)/(2/8). Suppose 4*q = -q + 150. Calculate the greatest common divisor of x and q.
15
Let t(k) = -k**2 + 9*k + 4. Let q be t(10). Let n = q - -7. Calculate the greatest common divisor of 11 and n.
1
Let t(q) = -44*q. Let i be t(-2). What is the greatest common divisor of i and 11?
11
Let i = 102 - 35. Let f = -11 + i. Let q be (0 + 30)/(16/f). What is the highest common factor of 15 and q?
15
Let v = 2 + 2. Let s(h) = h**2 - 4*h + 5. Let t be s(v). What is the greatest common factor of t and 1?
1
Let o(m) be the second derivative of -m**4/12 + m**3 - 3*m**2/2 + m. Let r be o(5). Calculate the highest common factor of r and 1.
1
Suppose 15 = 5*s, 6*s = 5*u + 3*s + 9. Suppose -4 = -2*k - 2*w, -4*k + u*w = 5*w - 3. Suppose -48 = -5*f + k. What is the greatest common divisor of 88 and f?
11
Let j(m) = m**3 + 11*m**2 + 11*m - 8. Let o be j(-9). Let i = o + -15. Suppose -v = -5*v + i. What is the highest common divisor of 50 and v?
10
Suppose -5*r = 2*v - 4, 0 = 4*v + 20 - 8. Let u = 627 - 625. What is the highest common factor of u and r?
2
Let v be 2/7 - 832/(-28). Let d be 12/v*8*40. Calculate the greatest common factor of 16 and d.
16
Suppose -5 = -u - 0*u, 2*d = -u + 13. Suppose -d*g - 3*o - 45 = -7*g, -3*o = -g + 5. Calculate the highest common divisor of 10 and g.
10
Suppose -2*v + 4*x = 3*v - 61, -3*v - 4*x + 11 = 0. Let a = -3 + v. What is the greatest common factor of a and 4?
2
Suppose -5 = 5*w, 0 = -2*a - a + 4*w + 4. Let x be -3 - (-14)/(-4)*-2. Suppose -2*g + 0*g + x = a. What is the highest common factor of 14 and g?
2
Suppose 3*x - 7*x = 3*o - 420, -3*x - 9 = 0. Suppose 7*k = 4*k + o. Let n = -8 + k. What is the greatest common factor of n and 16?
8
Suppose 2*j - 4*j + 92 = 0. Suppose 3*o - 38 = j. Calculate the greatest common divisor of o and 42.
14
Suppose p + 18 = 3*p. Calculate the greatest common factor of 99 and p.
9
Let h be (-544)/(-30) - (-8)/(-60). Let o = h - 10. What is the highest common factor of 4 and o?
4
Let z(x) = x**2 - 4*x + 1. Let t be z(3). Let g be (8/(-5))/(t/15). What is the highest common divisor of 3 and g?
3
Suppose 0*h = 4*h. Suppose s - 4*f + 13 = h, -3*s = 2*f - 13 - 4. Let w be (-2 - (-12)/5)*10/4. What is the highest common factor of w and s?
1
Suppose -3*v + v - 12 = -4*y, 5*y = -4*v + 28. Let r(h) = 17*h + 8. Let c be r(6). Let f = c + -66. What is the highest common factor of y and f?
4
Let p be (-43)/(-1) + (-2)/1. Suppose -3*x + p = 2. Suppose 0 = -3*s + 5*s - 130. Calculate the highest common factor of s and x.
13
Let c = -5 + 13. Suppose -5*y - 16 = 2*k, 3 = -3*y - 9. Suppose -k*x + 1 = -7. Calculate the highest common factor of c and x.
4
Let u be (-1 - -1) + 6/2. Let c be -3 - -3 - (-3)/1. Suppose 0 = c*i + 5*p - 53, 61 = 3*i - u*p + 4*p. Calculate the highest common divisor of 63 and i.
21
Suppose 0 = 4*u + u - 990. Let j = 146 - 124. Calculate the highest common divisor of j and u.
22
Let w(f) = -f - 9. Let r be w(-4). Let t(y) = -y**3 - 6*y**2 + 7. Let m be t(-4). Let p = r - m. What is the greatest common factor of p and 80?
20
Let n = -6 + 10. Suppose -n*j + p = -j, 3*j = -2*p. Let l be 3/(j - 1/(-3)). What is the highest common factor of l and 1?
1
Let w(q) = q**2 + 2*q - 2. Let u be w(3). Calculate the highest common divisor of 143 and u.
13
Suppose -3*m + 9 = 0, -4*y = -0*y - 4*m + 4. Suppose 0 = -2*s + s + t + 9, -y*s = 3*t - 3. Calculate the greatest common factor of s and 48.
6
Suppose 2*g + g = -2*i + 280, g + 5*i - 115 = 0. Calculate the highest common divisor of g and 10.
10
Let h(z) = -z**2 - 5*z + 3. Let n be h(-5). Let b be n + 3 + 54/2. Calculate the highest common factor of 3 and b.
3
Let v(a) = a**3 - 3*a**2 - 3*a + 2. Let r be v(4). What is the highest common factor of r and 2?
2
Let w be (2*4)/(0 - -2). Suppose -3*k = -w - 2. Suppose -6*o - 2*v = -k*o - 46, 0 = -4*o + 5*v + 53. Calculate the greatest common divisor of 48 and o.
12
Let k(f) = -5*f**2 - 12*f - 6. Let m(n) = 14*n**2 + 35*n + 17. Let l(p) = -11*k(p) - 4*m(p). Let y be l(-5). Calculate the greatest common divisor of y and 104.
13
Suppose 0*b - 145 = -5*b + 3*v, b - 1 = -5*v. Let o be (109 - 1) + -1 + -3. What is the greatest common factor of o and b?
26
Suppose v + 4*v - 980 = 0. Calculate the highest common divisor of 28 and v.
28
Let v = 13 + -4. Calculate the highest common divisor of v and 225.
9
Suppose t - 2*z = 68, z + 4*z = -2*t + 154. Calculate the greatest common divisor of t and 48.
24
Let t be -49*(4 - 3)*-3. Suppose 3*c - c - 3*a - 57 = 0, -4*c - 3*a + 69 = 0. Let y be c + (0 - (-2 + 2)). What is the highest common factor of t and y?
21
Let g = -34 - -54. Let q(o) = -4*o + 10. Let k be q(-5). What is the highest common divisor of k and g?
10
Let s(k) = 12*k + 2. Let y be s(1). What is the greatest common factor of y and 7?
7
Let s be 36/27*(-6)/(-4). Suppose 4*u + 4*k = 3*k + 73, 3*k + s = u. What is the highest common divisor of u and 85?
17
Let d be -2 - 14/(-8) - (-712)/32. Calculate the highest common factor of 2 and d.
2
Let w be (-334)/(-3) - (-4)/6. Suppose 5*h = -0*h + 3*m + 64, -m + 2 = 0. What is the highest common divisor of h and w?
14
Suppose -1131 = -10*w + 1589. Calculate the greatest common divisor of 16 and w.
16
Let t(l) = 3*l**3 - 3*l**2 + 2*l - 1. Let v be t(2). Calculate the highest common factor of 3 and v.
3
Let u be 2/5 + (-249)/(-15). Suppose -6*t + 3*t = -129. Let c = 8 + t. Calculate the highest common factor of c and u.
17
Suppose 98 = 7*p - 0*p. Calculate the highest common factor of p and 42.
14
Suppose 0*u = 4*u - 24. Let f be 4/((4/u)/1). Let d be (1/2)/(3/288). Calculate the highest common divisor of f and d.
6
Suppose -6*k = -4*k - 80. What is the greatest common factor of 20 and k?
20
Suppose 2*f - 8 = -4*o, 0*f - 3*f - 3*o + 9 = 0. Suppose k + f*k = 432. Suppose 0*c - 16 = -a + c, -c = 5*a - 80. What is the highest common factor of k and a?
16
Let x be 3/2*3*24. Suppose -2*n + 36 = n. What is the greatest common factor of x and n?
12
Suppose 3 = 5*v - 2. Suppose -19*o + 6 = -16*o. Calculate the highest common divisor of o and v.
1
Let g = -17 + 29. Let w be 1*(7 + (-1 - 0)). Suppose -5*j + 5*i = 10, -w*j + 30 = -j + 3*i. What is the greatest common divisor of g and j?
3
Let t = 16 - 0. Calculate the greatest common divisor of t and 8.
8
Let v be ((-2)/3)/((-